{"id":8498,"date":"2016-03-31T15:30:24","date_gmt":"2016-03-31T15:30:24","guid":{"rendered":"http:\/\/felixsolisavantis.com\/fr\/?post_type=wine&#038;p=8498"},"modified":"2025-10-24T09:19:26","modified_gmt":"2025-10-24T08:19:26","slug":"arnegui-blanc","status":"publish","type":"wine","link":"https:\/\/felixsolisavantis.com\/fr\/wine\/arnegui-blanc\/","title":{"rendered":"Arnegui Viura Blanc"},"content":{"rendered":"<p>Arnegui Viura Blanc est un vin blanc produit \u00e0 partir de Viura. Ce c\u00e9page est \u00e9galement connu comme Macabeo dans la majeure partie de l&#8217;Espagne, sa terre natale. Nos vignerons ont cr\u00e9\u00e9 un vin qui conserve la fra\u00eecheur aromatique naturelle de ce c\u00e9page.<\/p>\n<p><img decoding=\"async\" class=\"alignright wp-image-23555 \" src=\"https:\/\/felixsolisavantis.com\/app\/uploads\/2014\/09\/vegano_transparent-150x150.png\" alt=\"\" width=\"86\" height=\"86\" \/><\/p>\n","protected":false},"excerpt":{"rendered":"<p>Arnegui Viura Blanc est un vin blanc produit \u00e0 partir de Viura. Ce c\u00e9page est \u00e9galement connu comme Macabeo dans la majeure partie de l&#8217;Espagne, sa terre natale. Nos vignerons ont cr\u00e9\u00e9 un vin qui conserve la fra\u00eecheur aromatique naturelle de ce c\u00e9page.<\/p>\n","protected":false},"author":4,"featured_media":22584,"menu_order":85,"template":"","format":"standard","region":[228],"wine-type":[234],"wines_filter":[394,653,595,593,734],"valley":[],"class_list":["post-8498","wine","type-wine","status-publish","format-standard","has-post-thumbnail","hentry","region-a-o-c-rioja","wine-type-blanc","wines_filter-arnegui-fr","wines_filter-blanc","wines_filter-d-o-ca-rioja-fr","wines_filter-pagos-del-rey-fr","wines_filter-vegetalien"],"acf":[],"yoast_head":"<!-- This site is optimized with the Yoast SEO plugin v28.4 - https:\/\/yoast.com\/product\/yoast-seo-wordpress\/ -->\n<title>Arnegui Viura Blanc | F\u00e9lix Sol\u00eds Avantis<\/title>\n<meta name=\"robots\" content=\"index, follow, max-snippet:-1, max-image-preview:large, max-video-preview:-1\" \/>\n<link rel=\"canonical\" href=\"https:\/\/felixsolisavantis.com\/fr\/wine\/arnegui-blanc\/\" \/>\n<meta property=\"og:locale\" content=\"fr_FR\" \/>\n<meta property=\"og:type\" content=\"article\" \/>\n<meta property=\"og:title\" content=\"Arnegui Viura Blanc | F\u00e9lix Sol\u00eds Avantis\" \/>\n<meta property=\"og:description\" content=\"Arnegui Viura Blanc est un vin blanc produit \u00e0 partir de Viura. Ce c\u00e9page est \u00e9galement connu comme Macabeo dans la majeure partie de l&#8217;Espagne, sa terre natale. Nos vignerons ont cr\u00e9\u00e9 un vin qui conserve la fra\u00eecheur aromatique naturelle de ce c\u00e9page.\" \/>\n<meta property=\"og:url\" content=\"https:\/\/felixsolisavantis.com\/fr\/wine\/arnegui-blanc\/\" \/>\n<meta property=\"og:site_name\" content=\"F\u00e9lix Sol\u00eds Avantis\" \/>\n<meta property=\"article:publisher\" content=\"https:\/\/www.facebook.com\/felixsolis.avantis\" \/>\n<meta property=\"article:modified_time\" content=\"2025-10-24T08:19:26+00:00\" \/>\n<meta property=\"og:image\" content=\"https:\/\/felixsolisavantis.com\/app\/uploads\/2014\/09\/arneguiblanco-1.png\" \/>\n\t<meta property=\"og:image:width\" content=\"261\" \/>\n\t<meta property=\"og:image:height\" content=\"892\" \/>\n\t<meta property=\"og:image:type\" content=\"image\/png\" \/>\n<meta name=\"twitter:card\" content=\"summary_large_image\" \/>\n<meta name=\"twitter:site\" content=\"@felixsolisgrupo\" \/>\n<meta name=\"twitter:label1\" content=\"Dur\u00e9e de lecture estim\u00e9e\" \/>\n\t<meta name=\"twitter:data1\" content=\"1 minute\" \/>\n<script type=\"application\/ld+json\" class=\"yoast-schema-graph\">{\"@context\":\"https:\\\/\\\/schema.org\",\"@graph\":[{\"@type\":\"WebPage\",\"@id\":\"https:\\\/\\\/felixsolisavantis.com\\\/fr\\\/wine\\\/arnegui-blanc\\\/\",\"url\":\"https:\\\/\\\/felixsolisavantis.com\\\/fr\\\/wine\\\/arnegui-blanc\\\/\",\"name\":\"Arnegui Viura Blanc | F\u00e9lix Sol\u00eds Avantis\",\"isPartOf\":{\"@id\":\"https:\\\/\\\/felixsolisavantis.com\\\/#website\"},\"primaryImageOfPage\":{\"@id\":\"https:\\\/\\\/felixsolisavantis.com\\\/fr\\\/wine\\\/arnegui-blanc\\\/#primaryimage\"},\"image\":{\"@id\":\"https:\\\/\\\/felixsolisavantis.com\\\/fr\\\/wine\\\/arnegui-blanc\\\/#primaryimage\"},\"thumbnailUrl\":\"https:\\\/\\\/felixsolisavantis.com\\\/app\\\/uploads\\\/2014\\\/09\\\/arneguiblanco-1.png\",\"datePublished\":\"2016-03-31T15:30:24+00:00\",\"dateModified\":\"2025-10-24T08:19:26+00:00\",\"inLanguage\":\"fr-FR\",\"potentialAction\":[{\"@type\":\"ReadAction\",\"target\":[\"https:\\\/\\\/felixsolisavantis.com\\\/fr\\\/wine\\\/arnegui-blanc\\\/\"]}]},{\"@type\":\"ImageObject\",\"inLanguage\":\"fr-FR\",\"@id\":\"https:\\\/\\\/felixsolisavantis.com\\\/fr\\\/wine\\\/arnegui-blanc\\\/#primaryimage\",\"url\":\"https:\\\/\\\/felixsolisavantis.com\\\/app\\\/uploads\\\/2014\\\/09\\\/arneguiblanco-1.png\",\"contentUrl\":\"https:\\\/\\\/felixsolisavantis.com\\\/app\\\/uploads\\\/2014\\\/09\\\/arneguiblanco-1.png\",\"width\":261,\"height\":892,\"caption\":\"Arnegui Blanco\"},{\"@type\":\"WebSite\",\"@id\":\"https:\\\/\\\/felixsolisavantis.com\\\/#website\",\"url\":\"https:\\\/\\\/felixsolisavantis.com\\\/\",\"name\":\"F\u00e9lix Sol\u00eds Avantis\",\"description\":\"\",\"publisher\":{\"@id\":\"https:\\\/\\\/felixsolisavantis.com\\\/#organization\"},\"potentialAction\":[{\"@type\":\"SearchAction\",\"target\":{\"@type\":\"EntryPoint\",\"urlTemplate\":\"https:\\\/\\\/felixsolisavantis.com\\\/?s={search_term_string}\"},\"query-input\":{\"@type\":\"PropertyValueSpecification\",\"valueRequired\":true,\"valueName\":\"search_term_string\"}}],\"inLanguage\":\"fr-FR\"},{\"@type\":\"Organization\",\"@id\":\"https:\\\/\\\/felixsolisavantis.com\\\/#organization\",\"name\":\"F\u00e9lix Sol\u00eds Avantis\",\"url\":\"https:\\\/\\\/felixsolisavantis.com\\\/\",\"logo\":{\"@type\":\"ImageObject\",\"inLanguage\":\"fr-FR\",\"@id\":\"https:\\\/\\\/felixsolisavantis.com\\\/#\\\/schema\\\/logo\\\/image\\\/\",\"url\":\"https:\\\/\\\/felixsolisavantis.com\\\/app\\\/uploads\\\/2022\\\/03\\\/felix_solis_avantis_logo_neg_rgb_black.png\",\"contentUrl\":\"https:\\\/\\\/felixsolisavantis.com\\\/app\\\/uploads\\\/2022\\\/03\\\/felix_solis_avantis_logo_neg_rgb_black.png\",\"width\":1820,\"height\":705,\"caption\":\"F\u00e9lix Sol\u00eds Avantis\"},\"image\":{\"@id\":\"https:\\\/\\\/felixsolisavantis.com\\\/#\\\/schema\\\/logo\\\/image\\\/\"},\"sameAs\":[\"https:\\\/\\\/www.facebook.com\\\/felixsolis.avantis\",\"https:\\\/\\\/x.com\\\/felixsolisgrupo\",\"https:\\\/\\\/www.instagram.com\\\/felixsolisavantis\\\/\"]}]}<\/script>\n<!-- \/ Yoast SEO plugin. -->","yoast_head_json":{"title":"Arnegui Viura Blanc | F\u00e9lix Sol\u00eds Avantis","robots":{"index":"index","follow":"follow","max-snippet":"max-snippet:-1","max-image-preview":"max-image-preview:large","max-video-preview":"max-video-preview:-1"},"canonical":"https:\/\/felixsolisavantis.com\/fr\/wine\/arnegui-blanc\/","og_locale":"fr_FR","og_type":"article","og_title":"Arnegui Viura Blanc | F\u00e9lix Sol\u00eds Avantis","og_description":"Arnegui Viura Blanc est un vin blanc produit \u00e0 partir de Viura. Ce c\u00e9page est \u00e9galement connu comme Macabeo dans la majeure partie de l&#8217;Espagne, sa terre natale. Nos vignerons ont cr\u00e9\u00e9 un vin qui conserve la fra\u00eecheur aromatique naturelle de ce c\u00e9page.","og_url":"https:\/\/felixsolisavantis.com\/fr\/wine\/arnegui-blanc\/","og_site_name":"F\u00e9lix Sol\u00eds Avantis","article_publisher":"https:\/\/www.facebook.com\/felixsolis.avantis","article_modified_time":"2025-10-24T08:19:26+00:00","og_image":[{"width":261,"height":892,"url":"https:\/\/felixsolisavantis.com\/app\/uploads\/2014\/09\/arneguiblanco-1.png","type":"image\/png"}],"twitter_card":"summary_large_image","twitter_site":"@felixsolisgrupo","twitter_misc":{"Dur\u00e9e de lecture estim\u00e9e":"1 minute"},"schema":{"@context":"https:\/\/schema.org","@graph":[{"@type":"WebPage","@id":"https:\/\/felixsolisavantis.com\/fr\/wine\/arnegui-blanc\/","url":"https:\/\/felixsolisavantis.com\/fr\/wine\/arnegui-blanc\/","name":"Arnegui Viura Blanc | F\u00e9lix Sol\u00eds Avantis","isPartOf":{"@id":"https:\/\/felixsolisavantis.com\/#website"},"primaryImageOfPage":{"@id":"https:\/\/felixsolisavantis.com\/fr\/wine\/arnegui-blanc\/#primaryimage"},"image":{"@id":"https:\/\/felixsolisavantis.com\/fr\/wine\/arnegui-blanc\/#primaryimage"},"thumbnailUrl":"https:\/\/felixsolisavantis.com\/app\/uploads\/2014\/09\/arneguiblanco-1.png","datePublished":"2016-03-31T15:30:24+00:00","dateModified":"2025-10-24T08:19:26+00:00","inLanguage":"fr-FR","potentialAction":[{"@type":"ReadAction","target":["https:\/\/felixsolisavantis.com\/fr\/wine\/arnegui-blanc\/"]}]},{"@type":"ImageObject","inLanguage":"fr-FR","@id":"https:\/\/felixsolisavantis.com\/fr\/wine\/arnegui-blanc\/#primaryimage","url":"https:\/\/felixsolisavantis.com\/app\/uploads\/2014\/09\/arneguiblanco-1.png","contentUrl":"https:\/\/felixsolisavantis.com\/app\/uploads\/2014\/09\/arneguiblanco-1.png","width":261,"height":892,"caption":"Arnegui Blanco"},{"@type":"WebSite","@id":"https:\/\/felixsolisavantis.com\/#website","url":"https:\/\/felixsolisavantis.com\/","name":"F\u00e9lix Sol\u00eds Avantis","description":"","publisher":{"@id":"https:\/\/felixsolisavantis.com\/#organization"},"potentialAction":[{"@type":"SearchAction","target":{"@type":"EntryPoint","urlTemplate":"https:\/\/felixsolisavantis.com\/?s={search_term_string}"},"query-input":{"@type":"PropertyValueSpecification","valueRequired":true,"valueName":"search_term_string"}}],"inLanguage":"fr-FR"},{"@type":"Organization","@id":"https:\/\/felixsolisavantis.com\/#organization","name":"F\u00e9lix Sol\u00eds Avantis","url":"https:\/\/felixsolisavantis.com\/","logo":{"@type":"ImageObject","inLanguage":"fr-FR","@id":"https:\/\/felixsolisavantis.com\/#\/schema\/logo\/image\/","url":"https:\/\/felixsolisavantis.com\/app\/uploads\/2022\/03\/felix_solis_avantis_logo_neg_rgb_black.png","contentUrl":"https:\/\/felixsolisavantis.com\/app\/uploads\/2022\/03\/felix_solis_avantis_logo_neg_rgb_black.png","width":1820,"height":705,"caption":"F\u00e9lix Sol\u00eds Avantis"},"image":{"@id":"https:\/\/felixsolisavantis.com\/#\/schema\/logo\/image\/"},"sameAs":["https:\/\/www.facebook.com\/felixsolis.avantis","https:\/\/x.com\/felixsolisgrupo","https:\/\/www.instagram.com\/felixsolisavantis\/"]}]}},"_links":{"self":[{"href":"https:\/\/felixsolisavantis.com\/fr\/wp-json\/wp\/v2\/wine\/8498","targetHints":{"allow":["GET"]}}],"collection":[{"href":"https:\/\/felixsolisavantis.com\/fr\/wp-json\/wp\/v2\/wine"}],"about":[{"href":"https:\/\/felixsolisavantis.com\/fr\/wp-json\/wp\/v2\/types\/wine"}],"author":[{"embeddable":true,"href":"https:\/\/felixsolisavantis.com\/fr\/wp-json\/wp\/v2\/users\/4"}],"wp:featuredmedia":[{"embeddable":true,"href":"https:\/\/felixsolisavantis.com\/fr\/wp-json\/wp\/v2\/media\/22584"}],"wp:attachment":[{"href":"https:\/\/felixsolisavantis.com\/fr\/wp-json\/wp\/v2\/media?parent=8498"}],"wp:term":[{"taxonomy":"region","embeddable":true,"href":"https:\/\/felixsolisavantis.com\/fr\/wp-json\/wp\/v2\/region?post=8498"},{"taxonomy":"wine-type","embeddable":true,"href":"https:\/\/felixsolisavantis.com\/fr\/wp-json\/wp\/v2\/wine-type?post=8498"},{"taxonomy":"wines_filter","embeddable":true,"href":"https:\/\/felixsolisavantis.com\/fr\/wp-json\/wp\/v2\/wines_filter?post=8498"},{"taxonomy":"valley","embeddable":true,"href":"https:\/\/felixsolisavantis.com\/fr\/wp-json\/wp\/v2\/valley?post=8498"}],"curies":[{"name":"wp","href":"https:\/\/api.w.org\/{rel}","templated":true}]}}

<p>Arnegui Viura Blanc est un vin blanc produit à partir de Viura. Ce cépage est également connu comme Macabeo dans la majeure partie de l&#8217;Espagne, sa terre natale. Nos vignerons ont créé un vin qui conserve la fraîcheur aromatique naturelle de ce cépage.</p>
<p><img decoding="async" class="alignright wp-image-23555 " src="https://felixsolisavantis.com/app/uploads/2014/09/vegano_transparent-150x150.png" alt="" width="86" height="86" /></p>

<p>Arnegui Viura Blanc est un vin blanc produit à partir de Viura. Ce cépage est également connu comme Macabeo dans la majeure partie de l&#8217;Espagne, sa terre natale. Nos vignerons ont créé un vin qui conserve la fraîcheur aromatique naturelle de ce cépage.</p>

<!-- This site is optimized with the Yoast SEO plugin v28.4 - https://yoast.com/product/yoast-seo-wordpress/ -->
<title>Arnegui Viura Blanc | Félix Solís Avantis</title>
<meta name="robots" content="index, follow, max-snippet:-1, max-image-preview:large, max-video-preview:-1" />
<link rel="canonical" href="https://felixsolisavantis.com/fr/wine/arnegui-blanc/" />
<meta property="og:locale" content="fr_FR" />
<meta property="og:type" content="article" />
<meta property="og:title" content="Arnegui Viura Blanc | Félix Solís Avantis" />
<meta property="og:description" content="Arnegui Viura Blanc est un vin blanc produit à partir de Viura. Ce cépage est également connu comme Macabeo dans la majeure partie de l&#8217;Espagne, sa terre natale. Nos vignerons ont créé un vin qui conserve la fraîcheur aromatique naturelle de ce cépage." />
<meta property="og:url" content="https://felixsolisavantis.com/fr/wine/arnegui-blanc/" />
<meta property="og:site_name" content="Félix Solís Avantis" />
<meta property="article:publisher" content="https://www.facebook.com/felixsolis.avantis" />
<meta property="article:modified_time" content="2025-10-24T08:19:26+00:00" />
<meta property="og:image" content="https://felixsolisavantis.com/app/uploads/2014/09/arneguiblanco-1.png" />
	<meta property="og:image:width" content="261" />
	<meta property="og:image:height" content="892" />
	<meta property="og:image:type" content="image/png" />
<meta name="twitter:card" content="summary_large_image" />
<meta name="twitter:site" content="@felixsolisgrupo" />
<meta name="twitter:label1" content="Durée de lecture estimée" />
	<meta name="twitter:data1" content="1 minute" />
<script type="application/ld+json" class="yoast-schema-graph">{"@context":"https:\/\/schema.org","@graph":[{"@type":"WebPage","@id":"https:\/\/felixsolisavantis.com\/fr\/wine\/arnegui-blanc\/","url":"https:\/\/felixsolisavantis.com\/fr\/wine\/arnegui-blanc\/","name":"Arnegui Viura Blanc | Félix Solís Avantis","isPartOf":{"@id":"https:\/\/felixsolisavantis.com\/#website"},"primaryImageOfPage":{"@id":"https:\/\/felixsolisavantis.com\/fr\/wine\/arnegui-blanc\/#primaryimage"},"image":{"@id":"https:\/\/felixsolisavantis.com\/fr\/wine\/arnegui-blanc\/#primaryimage"},"thumbnailUrl":"https:\/\/felixsolisavantis.com\/app\/uploads\/2014\/09\/arneguiblanco-1.png","datePublished":"2016-03-31T15:30:24+00:00","dateModified":"2025-10-24T08:19:26+00:00","inLanguage":"fr-FR","potentialAction":[{"@type":"ReadAction","target":["https:\/\/felixsolisavantis.com\/fr\/wine\/arnegui-blanc\/"]}]},{"@type":"ImageObject","inLanguage":"fr-FR","@id":"https:\/\/felixsolisavantis.com\/fr\/wine\/arnegui-blanc\/#primaryimage","url":"https:\/\/felixsolisavantis.com\/app\/uploads\/2014\/09\/arneguiblanco-1.png","contentUrl":"https:\/\/felixsolisavantis.com\/app\/uploads\/2014\/09\/arneguiblanco-1.png","width":261,"height":892,"caption":"Arnegui Blanco"},{"@type":"WebSite","@id":"https:\/\/felixsolisavantis.com\/#website","url":"https:\/\/felixsolisavantis.com\/","name":"Félix Solís Avantis","description":"","publisher":{"@id":"https:\/\/felixsolisavantis.com\/#organization"},"potentialAction":[{"@type":"SearchAction","target":{"@type":"EntryPoint","urlTemplate":"https:\/\/felixsolisavantis.com\/?s={search_term_string}"},"query-input":{"@type":"PropertyValueSpecification","valueRequired":true,"valueName":"search_term_string"}}],"inLanguage":"fr-FR"},{"@type":"Organization","@id":"https:\/\/felixsolisavantis.com\/#organization","name":"Félix Solís Avantis","url":"https:\/\/felixsolisavantis.com\/","logo":{"@type":"ImageObject","inLanguage":"fr-FR","@id":"https:\/\/felixsolisavantis.com\/#\/schema\/logo\/image\/","url":"https:\/\/felixsolisavantis.com\/app\/uploads\/2022\/03\/felix_solis_avantis_logo_neg_rgb_black.png","contentUrl":"https:\/\/felixsolisavantis.com\/app\/uploads\/2022\/03\/felix_solis_avantis_logo_neg_rgb_black.png","width":1820,"height":705,"caption":"Félix Solís Avantis"},"image":{"@id":"https:\/\/felixsolisavantis.com\/#\/schema\/logo\/image\/"},"sameAs":["https:\/\/www.facebook.com\/felixsolis.avantis","https:\/\/x.com\/felixsolisgrupo","https:\/\/www.instagram.com\/felixsolisavantis\/"]}]}</script>
<!-- / Yoast SEO plugin. -->

Arnegui Viura Blanc | Félix Solís Avantis

Arnegui Viura Blanc est un vin blanc produit à partir de Viura. Ce cépage est également connu comme Macabeo dans la majeure partie de l&#8217;Espagne, sa terre natale. Nos vignerons ont créé un vin qui conserve la fraîcheur aromatique naturelle de ce cépage.

Félix Solís Avantis
