{"id":31997,"date":"2026-04-23T11:51:45","date_gmt":"2026-04-23T10:51:45","guid":{"rendered":"https:\/\/felixsolisavantis.com\/?post_type=wine&#038;p=31997"},"modified":"2026-04-23T14:30:53","modified_gmt":"2026-04-23T13:30:53","slug":"finca-valeria-chardonnay-sauvignon-blanc","status":"publish","type":"wine","link":"https:\/\/felixsolisavantis.com\/fr\/wine\/finca-valeria-chardonnay-sauvignon-blanc\/","title":{"rendered":"Finca Valeria Chardonnay Sauvignon Blanc"},"content":{"rendered":"<p>Le Finca Valeria Chardonnay Sauvignon Blanc est \u00e9labor\u00e9 \u00e0 partir d&#8217;une s\u00e9lection rigoureuse de vignobles du centre et du nord de l&#8217;Espagne, o\u00f9 le climat et le terroir s&#8217;allient pour cr\u00e9er un vin de grand caract\u00e8re. Il s&#8217;agit d&#8217;un assemblage \u00e9l\u00e9gant qui allie la sophistication des c\u00e9pages internationaux Chardonnay et Sauvignon Blanc au caract\u00e8re distinctif de l&#8217;un de nos c\u00e9pages les plus embl\u00e9matiques : le Verdejo.<\/p>\n<p>Dans les r\u00e9gions du nord, chaque c\u00e9page s&#8217;exprime avec \u00e9l\u00e9gance et une richesse de nuances : ainsi, c\u00e9page par c\u00e9page, le vin est \u00e9labor\u00e9, chaque raisin racontant une partie de l&#8217;histoire, et l&#8217;\u00e9quilibre final naissant pr\u00e9cis\u00e9ment de cette diversit\u00e9.<\/p>\n","protected":false},"excerpt":{"rendered":"<p>Le Finca Valeria Chardonnay Sauvignon Blanc est \u00e9labor\u00e9 \u00e0 partir d&#8217;une s\u00e9lection rigoureuse de vignobles du centre et du nord de l&#8217;Espagne, o\u00f9 le climat et le terroir s&#8217;allient pour cr\u00e9er un vin de grand caract\u00e8re. Il s&#8217;agit d&#8217;un assemblage \u00e9l\u00e9gant qui allie la sophistication des c\u00e9pages internationaux Chardonnay et Sauvignon Blanc au caract\u00e8re distinctif de l&#8217;un de nos c\u00e9pages les plus embl\u00e9matiques : le Verdejo. Dans les r\u00e9gions du nord, chaque c\u00e9page s&#8217;exprime avec \u00e9l\u00e9gance et une richesse de nuances : ainsi, c\u00e9page par c\u00e9page, le vin est \u00e9labor\u00e9, chaque raisin racontant une partie de l&#8217;histoire, et l&#8217;\u00e9quilibre final naissant pr\u00e9cis\u00e9ment de cette diversit\u00e9.<\/p>\n","protected":false},"author":4,"featured_media":31781,"menu_order":123,"template":"","format":"standard","region":[],"wine-type":[],"wines_filter":[],"valley":[],"acf":[],"yoast_head":"<!-- This site is optimized with the Yoast SEO plugin v21.6 - https:\/\/yoast.com\/wordpress\/plugins\/seo\/ -->\n<title>Finca Valeria Chardonnay Sauvignon Blanc | F\u00e9lix Sol\u00eds Avantis<\/title>\n<meta name=\"description\" content=\"Le Finca Valeria Chardonnay Sauvignon Blanc est \u00e9labor\u00e9 \u00e0 partir d&#039;une s\u00e9lection rigoureuse de vignobles du centre et du nord de l&#039;Espagne\" \/>\n<meta name=\"robots\" content=\"index, follow, max-snippet:-1, max-image-preview:large, max-video-preview:-1\" \/>\n<link rel=\"canonical\" href=\"https:\/\/felixsolisavantis.com\/fr\/wine\/finca-valeria-chardonnay-sauvignon-blanc\/\" \/>\n<meta property=\"og:locale\" content=\"fr_FR\" \/>\n<meta property=\"og:type\" content=\"article\" \/>\n<meta property=\"og:title\" content=\"Finca Valeria Chardonnay Sauvignon Blanc | F\u00e9lix Sol\u00eds Avantis\" \/>\n<meta property=\"og:description\" content=\"Le Finca Valeria Chardonnay Sauvignon Blanc est \u00e9labor\u00e9 \u00e0 partir d&#039;une s\u00e9lection rigoureuse de vignobles du centre et du nord de l&#039;Espagne\" \/>\n<meta property=\"og:url\" content=\"https:\/\/felixsolisavantis.com\/fr\/wine\/finca-valeria-chardonnay-sauvignon-blanc\/\" \/>\n<meta property=\"og:site_name\" content=\"F\u00e9lix Sol\u00eds Avantis\" \/>\n<meta property=\"article:publisher\" content=\"https:\/\/www.facebook.com\/felixsolis.avantis\" \/>\n<meta property=\"article:modified_time\" content=\"2026-04-23T13:30:53+00:00\" \/>\n<meta property=\"og:image\" content=\"https:\/\/felixsolisavantis.com\/app\/uploads\/2026\/03\/finca-valeria-blanco.png\" \/>\n\t<meta property=\"og:image:width\" content=\"261\" \/>\n\t<meta property=\"og:image:height\" content=\"892\" \/>\n\t<meta property=\"og:image:type\" content=\"image\/png\" \/>\n<meta name=\"twitter:card\" content=\"summary_large_image\" \/>\n<meta name=\"twitter:site\" content=\"@felixsolisgrupo\" \/>\n<meta name=\"twitter:label1\" content=\"Dur\u00e9e de lecture estim\u00e9e\" \/>\n\t<meta name=\"twitter:data1\" content=\"1 minute\" \/>\n<script type=\"application\/ld+json\" class=\"yoast-schema-graph\">{\"@context\":\"https:\/\/schema.org\",\"@graph\":[{\"@type\":\"WebPage\",\"@id\":\"https:\/\/felixsolisavantis.com\/fr\/wine\/finca-valeria-chardonnay-sauvignon-blanc\/\",\"url\":\"https:\/\/felixsolisavantis.com\/fr\/wine\/finca-valeria-chardonnay-sauvignon-blanc\/\",\"name\":\"Finca Valeria Chardonnay Sauvignon Blanc | F\u00e9lix Sol\u00eds Avantis\",\"isPartOf\":{\"@id\":\"https:\/\/felixsolisavantis.com\/#website\"},\"datePublished\":\"2026-04-23T10:51:45+00:00\",\"dateModified\":\"2026-04-23T13:30:53+00:00\",\"description\":\"Le Finca Valeria Chardonnay Sauvignon Blanc est \u00e9labor\u00e9 \u00e0 partir d'une s\u00e9lection rigoureuse de vignobles du centre et du nord de l'Espagne\",\"inLanguage\":\"fr-FR\",\"potentialAction\":[{\"@type\":\"ReadAction\",\"target\":[\"https:\/\/felixsolisavantis.com\/fr\/wine\/finca-valeria-chardonnay-sauvignon-blanc\/\"]}]},{\"@type\":\"WebSite\",\"@id\":\"https:\/\/felixsolisavantis.com\/#website\",\"url\":\"https:\/\/felixsolisavantis.com\/\",\"name\":\"F\u00e9lix Sol\u00eds Avantis\",\"description\":\"\",\"publisher\":{\"@id\":\"https:\/\/felixsolisavantis.com\/#organization\"},\"potentialAction\":[{\"@type\":\"SearchAction\",\"target\":{\"@type\":\"EntryPoint\",\"urlTemplate\":\"https:\/\/felixsolisavantis.com\/?s={search_term_string}\"},\"query-input\":\"required name=search_term_string\"}],\"inLanguage\":\"fr-FR\"},{\"@type\":\"Organization\",\"@id\":\"https:\/\/felixsolisavantis.com\/#organization\",\"name\":\"F\u00e9lix Sol\u00eds Avantis\",\"url\":\"https:\/\/felixsolisavantis.com\/\",\"logo\":{\"@type\":\"ImageObject\",\"inLanguage\":\"fr-FR\",\"@id\":\"https:\/\/felixsolisavantis.com\/#\/schema\/logo\/image\/\",\"url\":\"https:\/\/felixsolisavantis.com\/app\/uploads\/2022\/03\/felix_solis_avantis_logo_neg_rgb_black.png\",\"contentUrl\":\"https:\/\/felixsolisavantis.com\/app\/uploads\/2022\/03\/felix_solis_avantis_logo_neg_rgb_black.png\",\"width\":1820,\"height\":705,\"caption\":\"F\u00e9lix Sol\u00eds Avantis\"},\"image\":{\"@id\":\"https:\/\/felixsolisavantis.com\/#\/schema\/logo\/image\/\"},\"sameAs\":[\"https:\/\/www.facebook.com\/felixsolis.avantis\",\"https:\/\/twitter.com\/felixsolisgrupo\",\"https:\/\/www.instagram.com\/felixsolisavantis\/\"]}]}<\/script>\n<!-- \/ Yoast SEO plugin. -->","yoast_head_json":{"title":"Finca Valeria Chardonnay Sauvignon Blanc | F\u00e9lix Sol\u00eds Avantis","description":"Le Finca Valeria Chardonnay Sauvignon Blanc est \u00e9labor\u00e9 \u00e0 partir d'une s\u00e9lection rigoureuse de vignobles du centre et du nord de l'Espagne","robots":{"index":"index","follow":"follow","max-snippet":"max-snippet:-1","max-image-preview":"max-image-preview:large","max-video-preview":"max-video-preview:-1"},"canonical":"https:\/\/felixsolisavantis.com\/fr\/wine\/finca-valeria-chardonnay-sauvignon-blanc\/","og_locale":"fr_FR","og_type":"article","og_title":"Finca Valeria Chardonnay Sauvignon Blanc | F\u00e9lix Sol\u00eds Avantis","og_description":"Le Finca Valeria Chardonnay Sauvignon Blanc est \u00e9labor\u00e9 \u00e0 partir d'une s\u00e9lection rigoureuse de vignobles du centre et du nord de l'Espagne","og_url":"https:\/\/felixsolisavantis.com\/fr\/wine\/finca-valeria-chardonnay-sauvignon-blanc\/","og_site_name":"F\u00e9lix Sol\u00eds Avantis","article_publisher":"https:\/\/www.facebook.com\/felixsolis.avantis","article_modified_time":"2026-04-23T13:30:53+00:00","og_image":[{"width":261,"height":892,"url":"https:\/\/felixsolisavantis.com\/app\/uploads\/2026\/03\/finca-valeria-blanco.png","type":"image\/png"}],"twitter_card":"summary_large_image","twitter_site":"@felixsolisgrupo","twitter_misc":{"Dur\u00e9e de lecture estim\u00e9e":"1 minute"},"schema":{"@context":"https:\/\/schema.org","@graph":[{"@type":"WebPage","@id":"https:\/\/felixsolisavantis.com\/fr\/wine\/finca-valeria-chardonnay-sauvignon-blanc\/","url":"https:\/\/felixsolisavantis.com\/fr\/wine\/finca-valeria-chardonnay-sauvignon-blanc\/","name":"Finca Valeria Chardonnay Sauvignon Blanc | F\u00e9lix Sol\u00eds Avantis","isPartOf":{"@id":"https:\/\/felixsolisavantis.com\/#website"},"datePublished":"2026-04-23T10:51:45+00:00","dateModified":"2026-04-23T13:30:53+00:00","description":"Le Finca Valeria Chardonnay Sauvignon Blanc est \u00e9labor\u00e9 \u00e0 partir d'une s\u00e9lection rigoureuse de vignobles du centre et du nord de l'Espagne","inLanguage":"fr-FR","potentialAction":[{"@type":"ReadAction","target":["https:\/\/felixsolisavantis.com\/fr\/wine\/finca-valeria-chardonnay-sauvignon-blanc\/"]}]},{"@type":"WebSite","@id":"https:\/\/felixsolisavantis.com\/#website","url":"https:\/\/felixsolisavantis.com\/","name":"F\u00e9lix Sol\u00eds Avantis","description":"","publisher":{"@id":"https:\/\/felixsolisavantis.com\/#organization"},"potentialAction":[{"@type":"SearchAction","target":{"@type":"EntryPoint","urlTemplate":"https:\/\/felixsolisavantis.com\/?s={search_term_string}"},"query-input":"required name=search_term_string"}],"inLanguage":"fr-FR"},{"@type":"Organization","@id":"https:\/\/felixsolisavantis.com\/#organization","name":"F\u00e9lix Sol\u00eds Avantis","url":"https:\/\/felixsolisavantis.com\/","logo":{"@type":"ImageObject","inLanguage":"fr-FR","@id":"https:\/\/felixsolisavantis.com\/#\/schema\/logo\/image\/","url":"https:\/\/felixsolisavantis.com\/app\/uploads\/2022\/03\/felix_solis_avantis_logo_neg_rgb_black.png","contentUrl":"https:\/\/felixsolisavantis.com\/app\/uploads\/2022\/03\/felix_solis_avantis_logo_neg_rgb_black.png","width":1820,"height":705,"caption":"F\u00e9lix Sol\u00eds Avantis"},"image":{"@id":"https:\/\/felixsolisavantis.com\/#\/schema\/logo\/image\/"},"sameAs":["https:\/\/www.facebook.com\/felixsolis.avantis","https:\/\/twitter.com\/felixsolisgrupo","https:\/\/www.instagram.com\/felixsolisavantis\/"]}]}},"_links":{"self":[{"href":"https:\/\/felixsolisavantis.com\/fr\/wp-json\/wp\/v2\/wine\/31997"}],"collection":[{"href":"https:\/\/felixsolisavantis.com\/fr\/wp-json\/wp\/v2\/wine"}],"about":[{"href":"https:\/\/felixsolisavantis.com\/fr\/wp-json\/wp\/v2\/types\/wine"}],"author":[{"embeddable":true,"href":"https:\/\/felixsolisavantis.com\/fr\/wp-json\/wp\/v2\/users\/4"}],"wp:featuredmedia":[{"embeddable":true,"href":"https:\/\/felixsolisavantis.com\/fr\/wp-json\/wp\/v2\/media\/31781"}],"wp:attachment":[{"href":"https:\/\/felixsolisavantis.com\/fr\/wp-json\/wp\/v2\/media?parent=31997"}],"wp:term":[{"taxonomy":"region","embeddable":true,"href":"https:\/\/felixsolisavantis.com\/fr\/wp-json\/wp\/v2\/region?post=31997"},{"taxonomy":"wine-type","embeddable":true,"href":"https:\/\/felixsolisavantis.com\/fr\/wp-json\/wp\/v2\/wine-type?post=31997"},{"taxonomy":"wines_filter","embeddable":true,"href":"https:\/\/felixsolisavantis.com\/fr\/wp-json\/wp\/v2\/wines_filter?post=31997"},{"taxonomy":"valley","embeddable":true,"href":"https:\/\/felixsolisavantis.com\/fr\/wp-json\/wp\/v2\/valley?post=31997"}],"curies":[{"name":"wp","href":"https:\/\/api.w.org\/{rel}","templated":true}]}}

<p>Le Finca Valeria Chardonnay Sauvignon Blanc est élaboré à partir d&#8217;une sélection rigoureuse de vignobles du centre et du nord de l&#8217;Espagne, où le climat et le terroir s&#8217;allient pour créer un vin de grand caractère. Il s&#8217;agit d&#8217;un assemblage élégant qui allie la sophistication des cépages internationaux Chardonnay et Sauvignon Blanc au caractère distinctif de l&#8217;un de nos cépages les plus emblématiques : le Verdejo.</p>
<p>Dans les régions du nord, chaque cépage s&#8217;exprime avec élégance et une richesse de nuances : ainsi, cépage par cépage, le vin est élaboré, chaque raisin racontant une partie de l&#8217;histoire, et l&#8217;équilibre final naissant précisément de cette diversité.</p>

<p>Le Finca Valeria Chardonnay Sauvignon Blanc est élaboré à partir d&#8217;une sélection rigoureuse de vignobles du centre et du nord de l&#8217;Espagne, où le climat et le terroir s&#8217;allient pour créer un vin de grand caractère. Il s&#8217;agit d&#8217;un assemblage élégant qui allie la sophistication des cépages internationaux Chardonnay et Sauvignon Blanc au caractère distinctif de l&#8217;un de nos cépages les plus emblématiques : le Verdejo. Dans les régions du nord, chaque cépage s&#8217;exprime avec élégance et une richesse de nuances : ainsi, cépage par cépage, le vin est élaboré, chaque raisin racontant une partie de l&#8217;histoire, et l&#8217;équilibre final naissant précisément de cette diversité.</p>

<!-- This site is optimized with the Yoast SEO plugin v21.6 - https://yoast.com/wordpress/plugins/seo/ -->
<title>Finca Valeria Chardonnay Sauvignon Blanc | Félix Solís Avantis</title>
<meta name="description" content="Le Finca Valeria Chardonnay Sauvignon Blanc est élaboré à partir d&#039;une sélection rigoureuse de vignobles du centre et du nord de l&#039;Espagne" />
<meta name="robots" content="index, follow, max-snippet:-1, max-image-preview:large, max-video-preview:-1" />
<link rel="canonical" href="https://felixsolisavantis.com/fr/wine/finca-valeria-chardonnay-sauvignon-blanc/" />
<meta property="og:locale" content="fr_FR" />
<meta property="og:type" content="article" />
<meta property="og:title" content="Finca Valeria Chardonnay Sauvignon Blanc | Félix Solís Avantis" />
<meta property="og:description" content="Le Finca Valeria Chardonnay Sauvignon Blanc est élaboré à partir d&#039;une sélection rigoureuse de vignobles du centre et du nord de l&#039;Espagne" />
<meta property="og:url" content="https://felixsolisavantis.com/fr/wine/finca-valeria-chardonnay-sauvignon-blanc/" />
<meta property="og:site_name" content="Félix Solís Avantis" />
<meta property="article:publisher" content="https://www.facebook.com/felixsolis.avantis" />
<meta property="article:modified_time" content="2026-04-23T13:30:53+00:00" />
<meta property="og:image" content="https://felixsolisavantis.com/app/uploads/2026/03/finca-valeria-blanco.png" />
	<meta property="og:image:width" content="261" />
	<meta property="og:image:height" content="892" />
	<meta property="og:image:type" content="image/png" />
<meta name="twitter:card" content="summary_large_image" />
<meta name="twitter:site" content="@felixsolisgrupo" />
<meta name="twitter:label1" content="Durée de lecture estimée" />
	<meta name="twitter:data1" content="1 minute" />
<script type="application/ld+json" class="yoast-schema-graph">{"@context":"https://schema.org","@graph":[{"@type":"WebPage","@id":"https://felixsolisavantis.com/fr/wine/finca-valeria-chardonnay-sauvignon-blanc/","url":"https://felixsolisavantis.com/fr/wine/finca-valeria-chardonnay-sauvignon-blanc/","name":"Finca Valeria Chardonnay Sauvignon Blanc | Félix Solís Avantis","isPartOf":{"@id":"https://felixsolisavantis.com/#website"},"datePublished":"2026-04-23T10:51:45+00:00","dateModified":"2026-04-23T13:30:53+00:00","description":"Le Finca Valeria Chardonnay Sauvignon Blanc est élaboré à partir d'une sélection rigoureuse de vignobles du centre et du nord de l'Espagne","inLanguage":"fr-FR","potentialAction":[{"@type":"ReadAction","target":["https://felixsolisavantis.com/fr/wine/finca-valeria-chardonnay-sauvignon-blanc/"]}]},{"@type":"WebSite","@id":"https://felixsolisavantis.com/#website","url":"https://felixsolisavantis.com/","name":"Félix Solís Avantis","description":"","publisher":{"@id":"https://felixsolisavantis.com/#organization"},"potentialAction":[{"@type":"SearchAction","target":{"@type":"EntryPoint","urlTemplate":"https://felixsolisavantis.com/?s={search_term_string}"},"query-input":"required name=search_term_string"}],"inLanguage":"fr-FR"},{"@type":"Organization","@id":"https://felixsolisavantis.com/#organization","name":"Félix Solís Avantis","url":"https://felixsolisavantis.com/","logo":{"@type":"ImageObject","inLanguage":"fr-FR","@id":"https://felixsolisavantis.com/#/schema/logo/image/","url":"https://felixsolisavantis.com/app/uploads/2022/03/felix_solis_avantis_logo_neg_rgb_black.png","contentUrl":"https://felixsolisavantis.com/app/uploads/2022/03/felix_solis_avantis_logo_neg_rgb_black.png","width":1820,"height":705,"caption":"Félix Solís Avantis"},"image":{"@id":"https://felixsolisavantis.com/#/schema/logo/image/"},"sameAs":["https://www.facebook.com/felixsolis.avantis","https://twitter.com/felixsolisgrupo","https://www.instagram.com/felixsolisavantis/"]}]}</script>
<!-- / Yoast SEO plugin. -->

Finca Valeria Chardonnay Sauvignon Blanc | Félix Solís Avantis

Le Finca Valeria Chardonnay Sauvignon Blanc est élaboré à partir d'une sélection rigoureuse de vignobles du centre et du nord de l'Espagne

Félix Solís Avantis
