{"id":21962,"date":"2019-10-30T15:14:52","date_gmt":"2019-10-30T15:14:52","guid":{"rendered":"http:\/\/felixsolisavantis.com\/?post_type=wine&#038;p=21962"},"modified":"2025-11-24T15:47:29","modified_gmt":"2025-11-24T14:47:29","slug":"la-piqueta-cabernet-sauvignon","status":"publish","type":"wine","link":"https:\/\/felixsolisavantis.com\/fr\/wine\/la-piqueta-cabernet-sauvignon\/","title":{"rendered":"La Piqueta Reserva Cabernet Sauvignon"},"content":{"rendered":"<p>La Piqueta est un vin pour explorateurs qui vous aide \u00e0 vous frayer un chemin \u00e0 travers les pentes et les vari\u00e9t\u00e9s du paysage passionnant du Chili. Il est elabor\u00e9 \u00e0 partir de raisins Cabernet Sauvignon provenant de zones proches de la cordill\u00e8re andine.<img decoding=\"async\" class=\"size-full wp-image-29562 alignright\" src=\"https:\/\/felixsolisavantis.com\/app\/uploads\/2024\/09\/V-Label_Vegan_BW-100x100-1.png\" alt=\"\" width=\"100\" height=\"133\" \/><\/p>\n","protected":false},"excerpt":{"rendered":"<p>La Piqueta est un vin pour explorateurs qui vous aide \u00e0 vous frayer un chemin \u00e0 travers les pentes et les vari\u00e9t\u00e9s du paysage passionnant du Chili. Il est elabor\u00e9 \u00e0 partir de raisins Cabernet Sauvignon provenant de zones proches de la cordill\u00e8re andine.<\/p>\n","protected":false},"author":4,"featured_media":30127,"menu_order":47,"template":"","format":"standard","region":[],"wine-type":[235],"wines_filter":[562,478,636,585],"valley":[],"acf":[],"yoast_head":"<!-- This site is optimized with the Yoast SEO plugin v21.6 - https:\/\/yoast.com\/wordpress\/plugins\/seo\/ -->\n<title>La Piqueta Reserva Cabernet Sauvignon | F\u00e9lix Sol\u00eds Avantis<\/title>\n<meta name=\"robots\" content=\"index, follow, max-snippet:-1, max-image-preview:large, max-video-preview:-1\" \/>\n<link rel=\"canonical\" href=\"https:\/\/felixsolisavantis.com\/fr\/wine\/la-piqueta-cabernet-sauvignon\/\" \/>\n<meta property=\"og:locale\" content=\"fr_FR\" \/>\n<meta property=\"og:type\" content=\"article\" \/>\n<meta property=\"og:title\" content=\"La Piqueta Reserva Cabernet Sauvignon | F\u00e9lix Sol\u00eds Avantis\" \/>\n<meta property=\"og:description\" content=\"La Piqueta est un vin pour explorateurs qui vous aide \u00e0 vous frayer un chemin \u00e0 travers les pentes et les vari\u00e9t\u00e9s du paysage passionnant du Chili. Il est elabor\u00e9 \u00e0 partir de raisins Cabernet Sauvignon provenant de zones proches de la cordill\u00e8re andine.\" \/>\n<meta property=\"og:url\" content=\"https:\/\/felixsolisavantis.com\/fr\/wine\/la-piqueta-cabernet-sauvignon\/\" \/>\n<meta property=\"og:site_name\" content=\"F\u00e9lix Sol\u00eds Avantis\" \/>\n<meta property=\"article:publisher\" content=\"https:\/\/www.facebook.com\/felixsolis.avantis\" \/>\n<meta property=\"article:modified_time\" content=\"2025-11-24T14:47:29+00:00\" \/>\n<meta property=\"og:image\" content=\"https:\/\/felixsolisavantis.com\/app\/uploads\/2017\/06\/LaPiqueta_cabernerSv.png\" \/>\n\t<meta property=\"og:image:width\" content=\"261\" \/>\n\t<meta property=\"og:image:height\" content=\"892\" \/>\n\t<meta property=\"og:image:type\" content=\"image\/png\" \/>\n<meta name=\"twitter:card\" content=\"summary_large_image\" \/>\n<meta name=\"twitter:site\" content=\"@felixsolisgrupo\" \/>\n<meta name=\"twitter:label1\" content=\"Dur\u00e9e de lecture estim\u00e9e\" \/>\n\t<meta name=\"twitter:data1\" content=\"1 minute\" \/>\n<script type=\"application\/ld+json\" class=\"yoast-schema-graph\">{\"@context\":\"https:\/\/schema.org\",\"@graph\":[{\"@type\":\"WebPage\",\"@id\":\"https:\/\/felixsolisavantis.com\/fr\/wine\/la-piqueta-cabernet-sauvignon\/\",\"url\":\"https:\/\/felixsolisavantis.com\/fr\/wine\/la-piqueta-cabernet-sauvignon\/\",\"name\":\"La Piqueta Reserva Cabernet Sauvignon | F\u00e9lix Sol\u00eds Avantis\",\"isPartOf\":{\"@id\":\"https:\/\/felixsolisavantis.com\/#website\"},\"datePublished\":\"2019-10-30T15:14:52+00:00\",\"dateModified\":\"2025-11-24T14:47:29+00:00\",\"inLanguage\":\"fr-FR\",\"potentialAction\":[{\"@type\":\"ReadAction\",\"target\":[\"https:\/\/felixsolisavantis.com\/fr\/wine\/la-piqueta-cabernet-sauvignon\/\"]}]},{\"@type\":\"WebSite\",\"@id\":\"https:\/\/felixsolisavantis.com\/#website\",\"url\":\"https:\/\/felixsolisavantis.com\/\",\"name\":\"F\u00e9lix Sol\u00eds Avantis\",\"description\":\"\",\"publisher\":{\"@id\":\"https:\/\/felixsolisavantis.com\/#organization\"},\"potentialAction\":[{\"@type\":\"SearchAction\",\"target\":{\"@type\":\"EntryPoint\",\"urlTemplate\":\"https:\/\/felixsolisavantis.com\/?s={search_term_string}\"},\"query-input\":\"required name=search_term_string\"}],\"inLanguage\":\"fr-FR\"},{\"@type\":\"Organization\",\"@id\":\"https:\/\/felixsolisavantis.com\/#organization\",\"name\":\"F\u00e9lix Sol\u00eds Avantis\",\"url\":\"https:\/\/felixsolisavantis.com\/\",\"logo\":{\"@type\":\"ImageObject\",\"inLanguage\":\"fr-FR\",\"@id\":\"https:\/\/felixsolisavantis.com\/#\/schema\/logo\/image\/\",\"url\":\"https:\/\/felixsolisavantis.com\/app\/uploads\/2022\/03\/felix_solis_avantis_logo_neg_rgb_black.png\",\"contentUrl\":\"https:\/\/felixsolisavantis.com\/app\/uploads\/2022\/03\/felix_solis_avantis_logo_neg_rgb_black.png\",\"width\":1820,\"height\":705,\"caption\":\"F\u00e9lix Sol\u00eds Avantis\"},\"image\":{\"@id\":\"https:\/\/felixsolisavantis.com\/#\/schema\/logo\/image\/\"},\"sameAs\":[\"https:\/\/www.facebook.com\/felixsolis.avantis\",\"https:\/\/twitter.com\/felixsolisgrupo\",\"https:\/\/www.instagram.com\/felixsolisavantis\/\"]}]}<\/script>\n<!-- \/ Yoast SEO plugin. -->","yoast_head_json":{"title":"La Piqueta Reserva Cabernet Sauvignon | F\u00e9lix Sol\u00eds Avantis","robots":{"index":"index","follow":"follow","max-snippet":"max-snippet:-1","max-image-preview":"max-image-preview:large","max-video-preview":"max-video-preview:-1"},"canonical":"https:\/\/felixsolisavantis.com\/fr\/wine\/la-piqueta-cabernet-sauvignon\/","og_locale":"fr_FR","og_type":"article","og_title":"La Piqueta Reserva Cabernet Sauvignon | F\u00e9lix Sol\u00eds Avantis","og_description":"La Piqueta est un vin pour explorateurs qui vous aide \u00e0 vous frayer un chemin \u00e0 travers les pentes et les vari\u00e9t\u00e9s du paysage passionnant du Chili. Il est elabor\u00e9 \u00e0 partir de raisins Cabernet Sauvignon provenant de zones proches de la cordill\u00e8re andine.","og_url":"https:\/\/felixsolisavantis.com\/fr\/wine\/la-piqueta-cabernet-sauvignon\/","og_site_name":"F\u00e9lix Sol\u00eds Avantis","article_publisher":"https:\/\/www.facebook.com\/felixsolis.avantis","article_modified_time":"2025-11-24T14:47:29+00:00","og_image":[{"width":261,"height":892,"url":"https:\/\/felixsolisavantis.com\/app\/uploads\/2017\/06\/LaPiqueta_cabernerSv.png","type":"image\/png"}],"twitter_card":"summary_large_image","twitter_site":"@felixsolisgrupo","twitter_misc":{"Dur\u00e9e de lecture estim\u00e9e":"1 minute"},"schema":{"@context":"https:\/\/schema.org","@graph":[{"@type":"WebPage","@id":"https:\/\/felixsolisavantis.com\/fr\/wine\/la-piqueta-cabernet-sauvignon\/","url":"https:\/\/felixsolisavantis.com\/fr\/wine\/la-piqueta-cabernet-sauvignon\/","name":"La Piqueta Reserva Cabernet Sauvignon | F\u00e9lix Sol\u00eds Avantis","isPartOf":{"@id":"https:\/\/felixsolisavantis.com\/#website"},"datePublished":"2019-10-30T15:14:52+00:00","dateModified":"2025-11-24T14:47:29+00:00","inLanguage":"fr-FR","potentialAction":[{"@type":"ReadAction","target":["https:\/\/felixsolisavantis.com\/fr\/wine\/la-piqueta-cabernet-sauvignon\/"]}]},{"@type":"WebSite","@id":"https:\/\/felixsolisavantis.com\/#website","url":"https:\/\/felixsolisavantis.com\/","name":"F\u00e9lix Sol\u00eds Avantis","description":"","publisher":{"@id":"https:\/\/felixsolisavantis.com\/#organization"},"potentialAction":[{"@type":"SearchAction","target":{"@type":"EntryPoint","urlTemplate":"https:\/\/felixsolisavantis.com\/?s={search_term_string}"},"query-input":"required name=search_term_string"}],"inLanguage":"fr-FR"},{"@type":"Organization","@id":"https:\/\/felixsolisavantis.com\/#organization","name":"F\u00e9lix Sol\u00eds Avantis","url":"https:\/\/felixsolisavantis.com\/","logo":{"@type":"ImageObject","inLanguage":"fr-FR","@id":"https:\/\/felixsolisavantis.com\/#\/schema\/logo\/image\/","url":"https:\/\/felixsolisavantis.com\/app\/uploads\/2022\/03\/felix_solis_avantis_logo_neg_rgb_black.png","contentUrl":"https:\/\/felixsolisavantis.com\/app\/uploads\/2022\/03\/felix_solis_avantis_logo_neg_rgb_black.png","width":1820,"height":705,"caption":"F\u00e9lix Sol\u00eds Avantis"},"image":{"@id":"https:\/\/felixsolisavantis.com\/#\/schema\/logo\/image\/"},"sameAs":["https:\/\/www.facebook.com\/felixsolis.avantis","https:\/\/twitter.com\/felixsolisgrupo","https:\/\/www.instagram.com\/felixsolisavantis\/"]}]}},"_links":{"self":[{"href":"https:\/\/felixsolisavantis.com\/fr\/wp-json\/wp\/v2\/wine\/21962"}],"collection":[{"href":"https:\/\/felixsolisavantis.com\/fr\/wp-json\/wp\/v2\/wine"}],"about":[{"href":"https:\/\/felixsolisavantis.com\/fr\/wp-json\/wp\/v2\/types\/wine"}],"author":[{"embeddable":true,"href":"https:\/\/felixsolisavantis.com\/fr\/wp-json\/wp\/v2\/users\/4"}],"wp:featuredmedia":[{"embeddable":true,"href":"https:\/\/felixsolisavantis.com\/fr\/wp-json\/wp\/v2\/media\/30127"}],"wp:attachment":[{"href":"https:\/\/felixsolisavantis.com\/fr\/wp-json\/wp\/v2\/media?parent=21962"}],"wp:term":[{"taxonomy":"region","embeddable":true,"href":"https:\/\/felixsolisavantis.com\/fr\/wp-json\/wp\/v2\/region?post=21962"},{"taxonomy":"wine-type","embeddable":true,"href":"https:\/\/felixsolisavantis.com\/fr\/wp-json\/wp\/v2\/wine-type?post=21962"},{"taxonomy":"wines_filter","embeddable":true,"href":"https:\/\/felixsolisavantis.com\/fr\/wp-json\/wp\/v2\/wines_filter?post=21962"},{"taxonomy":"valley","embeddable":true,"href":"https:\/\/felixsolisavantis.com\/fr\/wp-json\/wp\/v2\/valley?post=21962"}],"curies":[{"name":"wp","href":"https:\/\/api.w.org\/{rel}","templated":true}]}}

<p>La Piqueta est un vin pour explorateurs qui vous aide à vous frayer un chemin à travers les pentes et les variétés du paysage passionnant du Chili. Il est elaboré à partir de raisins Cabernet Sauvignon provenant de zones proches de la cordillère andine.<img decoding="async" class="size-full wp-image-29562 alignright" src="https://felixsolisavantis.com/app/uploads/2024/09/V-Label_Vegan_BW-100x100-1.png" alt="" width="100" height="133" /></p>

<p>La Piqueta est un vin pour explorateurs qui vous aide à vous frayer un chemin à travers les pentes et les variétés du paysage passionnant du Chili. Il est elaboré à partir de raisins Cabernet Sauvignon provenant de zones proches de la cordillère andine.</p>

<!-- This site is optimized with the Yoast SEO plugin v21.6 - https://yoast.com/wordpress/plugins/seo/ -->
<title>La Piqueta Reserva Cabernet Sauvignon | Félix Solís Avantis</title>
<meta name="robots" content="index, follow, max-snippet:-1, max-image-preview:large, max-video-preview:-1" />
<link rel="canonical" href="https://felixsolisavantis.com/fr/wine/la-piqueta-cabernet-sauvignon/" />
<meta property="og:locale" content="fr_FR" />
<meta property="og:type" content="article" />
<meta property="og:title" content="La Piqueta Reserva Cabernet Sauvignon | Félix Solís Avantis" />
<meta property="og:description" content="La Piqueta est un vin pour explorateurs qui vous aide à vous frayer un chemin à travers les pentes et les variétés du paysage passionnant du Chili. Il est elaboré à partir de raisins Cabernet Sauvignon provenant de zones proches de la cordillère andine." />
<meta property="og:url" content="https://felixsolisavantis.com/fr/wine/la-piqueta-cabernet-sauvignon/" />
<meta property="og:site_name" content="Félix Solís Avantis" />
<meta property="article:publisher" content="https://www.facebook.com/felixsolis.avantis" />
<meta property="article:modified_time" content="2025-11-24T14:47:29+00:00" />
<meta property="og:image" content="https://felixsolisavantis.com/app/uploads/2017/06/LaPiqueta_cabernerSv.png" />
	<meta property="og:image:width" content="261" />
	<meta property="og:image:height" content="892" />
	<meta property="og:image:type" content="image/png" />
<meta name="twitter:card" content="summary_large_image" />
<meta name="twitter:site" content="@felixsolisgrupo" />
<meta name="twitter:label1" content="Durée de lecture estimée" />
	<meta name="twitter:data1" content="1 minute" />
<script type="application/ld+json" class="yoast-schema-graph">{"@context":"https://schema.org","@graph":[{"@type":"WebPage","@id":"https://felixsolisavantis.com/fr/wine/la-piqueta-cabernet-sauvignon/","url":"https://felixsolisavantis.com/fr/wine/la-piqueta-cabernet-sauvignon/","name":"La Piqueta Reserva Cabernet Sauvignon | Félix Solís Avantis","isPartOf":{"@id":"https://felixsolisavantis.com/#website"},"datePublished":"2019-10-30T15:14:52+00:00","dateModified":"2025-11-24T14:47:29+00:00","inLanguage":"fr-FR","potentialAction":[{"@type":"ReadAction","target":["https://felixsolisavantis.com/fr/wine/la-piqueta-cabernet-sauvignon/"]}]},{"@type":"WebSite","@id":"https://felixsolisavantis.com/#website","url":"https://felixsolisavantis.com/","name":"Félix Solís Avantis","description":"","publisher":{"@id":"https://felixsolisavantis.com/#organization"},"potentialAction":[{"@type":"SearchAction","target":{"@type":"EntryPoint","urlTemplate":"https://felixsolisavantis.com/?s={search_term_string}"},"query-input":"required name=search_term_string"}],"inLanguage":"fr-FR"},{"@type":"Organization","@id":"https://felixsolisavantis.com/#organization","name":"Félix Solís Avantis","url":"https://felixsolisavantis.com/","logo":{"@type":"ImageObject","inLanguage":"fr-FR","@id":"https://felixsolisavantis.com/#/schema/logo/image/","url":"https://felixsolisavantis.com/app/uploads/2022/03/felix_solis_avantis_logo_neg_rgb_black.png","contentUrl":"https://felixsolisavantis.com/app/uploads/2022/03/felix_solis_avantis_logo_neg_rgb_black.png","width":1820,"height":705,"caption":"Félix Solís Avantis"},"image":{"@id":"https://felixsolisavantis.com/#/schema/logo/image/"},"sameAs":["https://www.facebook.com/felixsolis.avantis","https://twitter.com/felixsolisgrupo","https://www.instagram.com/felixsolisavantis/"]}]}</script>
<!-- / Yoast SEO plugin. -->

La Piqueta Reserva Cabernet Sauvignon | Félix Solís Avantis

La Piqueta est un vin pour explorateurs qui vous aide à vous frayer un chemin à travers les pentes et les variétés du paysage passionnant du Chili. Il est elaboré à partir de raisins Cabernet Sauvignon provenant de zones proches de la cordillère andine.

Félix Solís Avantis
