{"id":9193,"date":"2016-11-19T16:05:35","date_gmt":"2016-11-19T16:05:35","guid":{"rendered":"http:\/\/felixsolisavantis.com\/de\/?post_type=wine&#038;p=9193"},"modified":"2025-11-14T09:41:45","modified_gmt":"2025-11-14T08:41:45","slug":"arnegui-crianza","status":"publish","type":"wine","link":"https:\/\/felixsolisavantis.com\/de\/wine\/arnegui-crianza\/","title":{"rendered":"Arnegui Crianza"},"content":{"rendered":"<p>Arnegui Crianza wird ausschlie\u00dflich aus den besten Weinreben in La Rioja Alta hergestellt. Die Tempranillo-Trauben stammen aus alten Weinbergen mit kleinem Produktionsvolumen. Das Ergebnis ist ein Wein, der wahrhaftig nach Rioja schmeckt, Tannin-Struktur und Charakter mit Eleganz kombiniert und je nach Verkostungsphase unterschiedliche Eigenschaften zeigt.<\/p>\n","protected":false},"excerpt":{"rendered":"<p>Arnegui Crianza wird ausschlie\u00dflich aus den besten Weinreben in La Rioja Alta hergestellt. Die Tempranillo-Trauben stammen aus alten Weinbergen mit kleinem Produktionsvolumen. Das Ergebnis ist ein Wein, der wahrhaftig nach Rioja schmeckt, Tannin-Struktur und Charakter mit Eleganz kombiniert und je nach Verkostungsphase unterschiedliche Eigenschaften zeigt.<\/p>\n","protected":false},"author":4,"featured_media":22599,"menu_order":148,"template":"","format":"standard","region":[273],"wine-type":[280],"wines_filter":[392,597,591,638],"valley":[],"class_list":["post-9193","wine","type-wine","status-publish","format-standard","has-post-thumbnail","hentry","region-d-o-ca-rioja-de","wine-type-rot","wines_filter-arnegui-de","wines_filter-d-o-ca-rioja-de","wines_filter-pagos-del-rey-de","wines_filter-rot"],"acf":[],"yoast_head":"<!-- This site is optimized with the Yoast SEO plugin v28.4 - https:\/\/yoast.com\/product\/yoast-seo-wordpress\/ -->\n<title>Arnegui Crianza | F\u00e9lix Sol\u00eds Avantis<\/title>\n<meta name=\"robots\" content=\"index, follow, max-snippet:-1, max-image-preview:large, max-video-preview:-1\" \/>\n<link rel=\"canonical\" href=\"https:\/\/felixsolisavantis.com\/de\/wine\/arnegui-crianza\/\" \/>\n<meta property=\"og:locale\" content=\"de_DE\" \/>\n<meta property=\"og:type\" content=\"article\" \/>\n<meta property=\"og:title\" content=\"Arnegui Crianza | F\u00e9lix Sol\u00eds Avantis\" \/>\n<meta property=\"og:description\" content=\"Arnegui Crianza wird ausschlie\u00dflich aus den besten Weinreben in La Rioja Alta hergestellt. Die Tempranillo-Trauben stammen aus alten Weinbergen mit kleinem Produktionsvolumen. Das Ergebnis ist ein Wein, der wahrhaftig nach Rioja schmeckt, Tannin-Struktur und Charakter mit Eleganz kombiniert und je nach Verkostungsphase unterschiedliche Eigenschaften zeigt.\" \/>\n<meta property=\"og:url\" content=\"https:\/\/felixsolisavantis.com\/de\/wine\/arnegui-crianza\/\" \/>\n<meta property=\"og:site_name\" content=\"F\u00e9lix Sol\u00eds Avantis\" \/>\n<meta property=\"article:publisher\" content=\"https:\/\/www.facebook.com\/felixsolis.avantis\" \/>\n<meta property=\"article:modified_time\" content=\"2025-11-14T08:41:45+00:00\" \/>\n<meta property=\"og:image\" content=\"https:\/\/felixsolisavantis.com\/app\/uploads\/2014\/09\/arneguicrianza.png\" \/>\n\t<meta property=\"og:image:width\" content=\"261\" \/>\n\t<meta property=\"og:image:height\" content=\"892\" \/>\n\t<meta property=\"og:image:type\" content=\"image\/png\" \/>\n<meta name=\"twitter:card\" content=\"summary_large_image\" \/>\n<meta name=\"twitter:site\" content=\"@felixsolisgrupo\" \/>\n<meta name=\"twitter:label1\" content=\"Gesch\u00e4tzte Lesezeit\" \/>\n\t<meta name=\"twitter:data1\" content=\"1 Minute\" \/>\n<script type=\"application\/ld+json\" class=\"yoast-schema-graph\">{\"@context\":\"https:\\\/\\\/schema.org\",\"@graph\":[{\"@type\":\"WebPage\",\"@id\":\"https:\\\/\\\/felixsolisavantis.com\\\/de\\\/wine\\\/arnegui-crianza\\\/\",\"url\":\"https:\\\/\\\/felixsolisavantis.com\\\/de\\\/wine\\\/arnegui-crianza\\\/\",\"name\":\"Arnegui Crianza | F\u00e9lix Sol\u00eds Avantis\",\"isPartOf\":{\"@id\":\"https:\\\/\\\/felixsolisavantis.com\\\/#website\"},\"primaryImageOfPage\":{\"@id\":\"https:\\\/\\\/felixsolisavantis.com\\\/de\\\/wine\\\/arnegui-crianza\\\/#primaryimage\"},\"image\":{\"@id\":\"https:\\\/\\\/felixsolisavantis.com\\\/de\\\/wine\\\/arnegui-crianza\\\/#primaryimage\"},\"thumbnailUrl\":\"https:\\\/\\\/felixsolisavantis.com\\\/app\\\/uploads\\\/2014\\\/09\\\/arneguicrianza.png\",\"datePublished\":\"2016-11-19T16:05:35+00:00\",\"dateModified\":\"2025-11-14T08:41:45+00:00\",\"inLanguage\":\"de-DE\",\"potentialAction\":[{\"@type\":\"ReadAction\",\"target\":[\"https:\\\/\\\/felixsolisavantis.com\\\/de\\\/wine\\\/arnegui-crianza\\\/\"]}]},{\"@type\":\"ImageObject\",\"inLanguage\":\"de-DE\",\"@id\":\"https:\\\/\\\/felixsolisavantis.com\\\/de\\\/wine\\\/arnegui-crianza\\\/#primaryimage\",\"url\":\"https:\\\/\\\/felixsolisavantis.com\\\/app\\\/uploads\\\/2014\\\/09\\\/arneguicrianza.png\",\"contentUrl\":\"https:\\\/\\\/felixsolisavantis.com\\\/app\\\/uploads\\\/2014\\\/09\\\/arneguicrianza.png\",\"width\":261,\"height\":892},{\"@type\":\"WebSite\",\"@id\":\"https:\\\/\\\/felixsolisavantis.com\\\/#website\",\"url\":\"https:\\\/\\\/felixsolisavantis.com\\\/\",\"name\":\"F\u00e9lix Sol\u00eds Avantis\",\"description\":\"\",\"publisher\":{\"@id\":\"https:\\\/\\\/felixsolisavantis.com\\\/#organization\"},\"potentialAction\":[{\"@type\":\"SearchAction\",\"target\":{\"@type\":\"EntryPoint\",\"urlTemplate\":\"https:\\\/\\\/felixsolisavantis.com\\\/?s={search_term_string}\"},\"query-input\":{\"@type\":\"PropertyValueSpecification\",\"valueRequired\":true,\"valueName\":\"search_term_string\"}}],\"inLanguage\":\"de-DE\"},{\"@type\":\"Organization\",\"@id\":\"https:\\\/\\\/felixsolisavantis.com\\\/#organization\",\"name\":\"F\u00e9lix Sol\u00eds Avantis\",\"url\":\"https:\\\/\\\/felixsolisavantis.com\\\/\",\"logo\":{\"@type\":\"ImageObject\",\"inLanguage\":\"de-DE\",\"@id\":\"https:\\\/\\\/felixsolisavantis.com\\\/#\\\/schema\\\/logo\\\/image\\\/\",\"url\":\"https:\\\/\\\/felixsolisavantis.com\\\/app\\\/uploads\\\/2022\\\/03\\\/felix_solis_avantis_logo_neg_rgb_black.png\",\"contentUrl\":\"https:\\\/\\\/felixsolisavantis.com\\\/app\\\/uploads\\\/2022\\\/03\\\/felix_solis_avantis_logo_neg_rgb_black.png\",\"width\":1820,\"height\":705,\"caption\":\"F\u00e9lix Sol\u00eds Avantis\"},\"image\":{\"@id\":\"https:\\\/\\\/felixsolisavantis.com\\\/#\\\/schema\\\/logo\\\/image\\\/\"},\"sameAs\":[\"https:\\\/\\\/www.facebook.com\\\/felixsolis.avantis\",\"https:\\\/\\\/x.com\\\/felixsolisgrupo\",\"https:\\\/\\\/www.instagram.com\\\/felixsolisavantis\\\/\"]}]}<\/script>\n<!-- \/ Yoast SEO plugin. -->","yoast_head_json":{"title":"Arnegui Crianza | F\u00e9lix Sol\u00eds Avantis","robots":{"index":"index","follow":"follow","max-snippet":"max-snippet:-1","max-image-preview":"max-image-preview:large","max-video-preview":"max-video-preview:-1"},"canonical":"https:\/\/felixsolisavantis.com\/de\/wine\/arnegui-crianza\/","og_locale":"de_DE","og_type":"article","og_title":"Arnegui Crianza | F\u00e9lix Sol\u00eds Avantis","og_description":"Arnegui Crianza wird ausschlie\u00dflich aus den besten Weinreben in La Rioja Alta hergestellt. Die Tempranillo-Trauben stammen aus alten Weinbergen mit kleinem Produktionsvolumen. Das Ergebnis ist ein Wein, der wahrhaftig nach Rioja schmeckt, Tannin-Struktur und Charakter mit Eleganz kombiniert und je nach Verkostungsphase unterschiedliche Eigenschaften zeigt.","og_url":"https:\/\/felixsolisavantis.com\/de\/wine\/arnegui-crianza\/","og_site_name":"F\u00e9lix Sol\u00eds Avantis","article_publisher":"https:\/\/www.facebook.com\/felixsolis.avantis","article_modified_time":"2025-11-14T08:41:45+00:00","og_image":[{"width":261,"height":892,"url":"https:\/\/felixsolisavantis.com\/app\/uploads\/2014\/09\/arneguicrianza.png","type":"image\/png"}],"twitter_card":"summary_large_image","twitter_site":"@felixsolisgrupo","twitter_misc":{"Gesch\u00e4tzte Lesezeit":"1 Minute"},"schema":{"@context":"https:\/\/schema.org","@graph":[{"@type":"WebPage","@id":"https:\/\/felixsolisavantis.com\/de\/wine\/arnegui-crianza\/","url":"https:\/\/felixsolisavantis.com\/de\/wine\/arnegui-crianza\/","name":"Arnegui Crianza | F\u00e9lix Sol\u00eds Avantis","isPartOf":{"@id":"https:\/\/felixsolisavantis.com\/#website"},"primaryImageOfPage":{"@id":"https:\/\/felixsolisavantis.com\/de\/wine\/arnegui-crianza\/#primaryimage"},"image":{"@id":"https:\/\/felixsolisavantis.com\/de\/wine\/arnegui-crianza\/#primaryimage"},"thumbnailUrl":"https:\/\/felixsolisavantis.com\/app\/uploads\/2014\/09\/arneguicrianza.png","datePublished":"2016-11-19T16:05:35+00:00","dateModified":"2025-11-14T08:41:45+00:00","inLanguage":"de-DE","potentialAction":[{"@type":"ReadAction","target":["https:\/\/felixsolisavantis.com\/de\/wine\/arnegui-crianza\/"]}]},{"@type":"ImageObject","inLanguage":"de-DE","@id":"https:\/\/felixsolisavantis.com\/de\/wine\/arnegui-crianza\/#primaryimage","url":"https:\/\/felixsolisavantis.com\/app\/uploads\/2014\/09\/arneguicrianza.png","contentUrl":"https:\/\/felixsolisavantis.com\/app\/uploads\/2014\/09\/arneguicrianza.png","width":261,"height":892},{"@type":"WebSite","@id":"https:\/\/felixsolisavantis.com\/#website","url":"https:\/\/felixsolisavantis.com\/","name":"F\u00e9lix Sol\u00eds Avantis","description":"","publisher":{"@id":"https:\/\/felixsolisavantis.com\/#organization"},"potentialAction":[{"@type":"SearchAction","target":{"@type":"EntryPoint","urlTemplate":"https:\/\/felixsolisavantis.com\/?s={search_term_string}"},"query-input":{"@type":"PropertyValueSpecification","valueRequired":true,"valueName":"search_term_string"}}],"inLanguage":"de-DE"},{"@type":"Organization","@id":"https:\/\/felixsolisavantis.com\/#organization","name":"F\u00e9lix Sol\u00eds Avantis","url":"https:\/\/felixsolisavantis.com\/","logo":{"@type":"ImageObject","inLanguage":"de-DE","@id":"https:\/\/felixsolisavantis.com\/#\/schema\/logo\/image\/","url":"https:\/\/felixsolisavantis.com\/app\/uploads\/2022\/03\/felix_solis_avantis_logo_neg_rgb_black.png","contentUrl":"https:\/\/felixsolisavantis.com\/app\/uploads\/2022\/03\/felix_solis_avantis_logo_neg_rgb_black.png","width":1820,"height":705,"caption":"F\u00e9lix Sol\u00eds Avantis"},"image":{"@id":"https:\/\/felixsolisavantis.com\/#\/schema\/logo\/image\/"},"sameAs":["https:\/\/www.facebook.com\/felixsolis.avantis","https:\/\/x.com\/felixsolisgrupo","https:\/\/www.instagram.com\/felixsolisavantis\/"]}]}},"_links":{"self":[{"href":"https:\/\/felixsolisavantis.com\/de\/wp-json\/wp\/v2\/wine\/9193","targetHints":{"allow":["GET"]}}],"collection":[{"href":"https:\/\/felixsolisavantis.com\/de\/wp-json\/wp\/v2\/wine"}],"about":[{"href":"https:\/\/felixsolisavantis.com\/de\/wp-json\/wp\/v2\/types\/wine"}],"author":[{"embeddable":true,"href":"https:\/\/felixsolisavantis.com\/de\/wp-json\/wp\/v2\/users\/4"}],"wp:featuredmedia":[{"embeddable":true,"href":"https:\/\/felixsolisavantis.com\/de\/wp-json\/wp\/v2\/media\/22599"}],"wp:attachment":[{"href":"https:\/\/felixsolisavantis.com\/de\/wp-json\/wp\/v2\/media?parent=9193"}],"wp:term":[{"taxonomy":"region","embeddable":true,"href":"https:\/\/felixsolisavantis.com\/de\/wp-json\/wp\/v2\/region?post=9193"},{"taxonomy":"wine-type","embeddable":true,"href":"https:\/\/felixsolisavantis.com\/de\/wp-json\/wp\/v2\/wine-type?post=9193"},{"taxonomy":"wines_filter","embeddable":true,"href":"https:\/\/felixsolisavantis.com\/de\/wp-json\/wp\/v2\/wines_filter?post=9193"},{"taxonomy":"valley","embeddable":true,"href":"https:\/\/felixsolisavantis.com\/de\/wp-json\/wp\/v2\/valley?post=9193"}],"curies":[{"name":"wp","href":"https:\/\/api.w.org\/{rel}","templated":true}]}}

<p>Arnegui Crianza wird ausschließlich aus den besten Weinreben in La Rioja Alta hergestellt. Die Tempranillo-Trauben stammen aus alten Weinbergen mit kleinem Produktionsvolumen. Das Ergebnis ist ein Wein, der wahrhaftig nach Rioja schmeckt, Tannin-Struktur und Charakter mit Eleganz kombiniert und je nach Verkostungsphase unterschiedliche Eigenschaften zeigt.</p>

<!-- This site is optimized with the Yoast SEO plugin v28.4 - https://yoast.com/product/yoast-seo-wordpress/ -->
<title>Arnegui Crianza | Félix Solís Avantis</title>
<meta name="robots" content="index, follow, max-snippet:-1, max-image-preview:large, max-video-preview:-1" />
<link rel="canonical" href="https://felixsolisavantis.com/de/wine/arnegui-crianza/" />
<meta property="og:locale" content="de_DE" />
<meta property="og:type" content="article" />
<meta property="og:title" content="Arnegui Crianza | Félix Solís Avantis" />
<meta property="og:description" content="Arnegui Crianza wird ausschließlich aus den besten Weinreben in La Rioja Alta hergestellt. Die Tempranillo-Trauben stammen aus alten Weinbergen mit kleinem Produktionsvolumen. Das Ergebnis ist ein Wein, der wahrhaftig nach Rioja schmeckt, Tannin-Struktur und Charakter mit Eleganz kombiniert und je nach Verkostungsphase unterschiedliche Eigenschaften zeigt." />
<meta property="og:url" content="https://felixsolisavantis.com/de/wine/arnegui-crianza/" />
<meta property="og:site_name" content="Félix Solís Avantis" />
<meta property="article:publisher" content="https://www.facebook.com/felixsolis.avantis" />
<meta property="article:modified_time" content="2025-11-14T08:41:45+00:00" />
<meta property="og:image" content="https://felixsolisavantis.com/app/uploads/2014/09/arneguicrianza.png" />
	<meta property="og:image:width" content="261" />
	<meta property="og:image:height" content="892" />
	<meta property="og:image:type" content="image/png" />
<meta name="twitter:card" content="summary_large_image" />
<meta name="twitter:site" content="@felixsolisgrupo" />
<meta name="twitter:label1" content="Geschätzte Lesezeit" />
	<meta name="twitter:data1" content="1 Minute" />
<script type="application/ld+json" class="yoast-schema-graph">{"@context":"https:\/\/schema.org","@graph":[{"@type":"WebPage","@id":"https:\/\/felixsolisavantis.com\/de\/wine\/arnegui-crianza\/","url":"https:\/\/felixsolisavantis.com\/de\/wine\/arnegui-crianza\/","name":"Arnegui Crianza | Félix Solís Avantis","isPartOf":{"@id":"https:\/\/felixsolisavantis.com\/#website"},"primaryImageOfPage":{"@id":"https:\/\/felixsolisavantis.com\/de\/wine\/arnegui-crianza\/#primaryimage"},"image":{"@id":"https:\/\/felixsolisavantis.com\/de\/wine\/arnegui-crianza\/#primaryimage"},"thumbnailUrl":"https:\/\/felixsolisavantis.com\/app\/uploads\/2014\/09\/arneguicrianza.png","datePublished":"2016-11-19T16:05:35+00:00","dateModified":"2025-11-14T08:41:45+00:00","inLanguage":"de-DE","potentialAction":[{"@type":"ReadAction","target":["https:\/\/felixsolisavantis.com\/de\/wine\/arnegui-crianza\/"]}]},{"@type":"ImageObject","inLanguage":"de-DE","@id":"https:\/\/felixsolisavantis.com\/de\/wine\/arnegui-crianza\/#primaryimage","url":"https:\/\/felixsolisavantis.com\/app\/uploads\/2014\/09\/arneguicrianza.png","contentUrl":"https:\/\/felixsolisavantis.com\/app\/uploads\/2014\/09\/arneguicrianza.png","width":261,"height":892},{"@type":"WebSite","@id":"https:\/\/felixsolisavantis.com\/#website","url":"https:\/\/felixsolisavantis.com\/","name":"Félix Solís Avantis","description":"","publisher":{"@id":"https:\/\/felixsolisavantis.com\/#organization"},"potentialAction":[{"@type":"SearchAction","target":{"@type":"EntryPoint","urlTemplate":"https:\/\/felixsolisavantis.com\/?s={search_term_string}"},"query-input":{"@type":"PropertyValueSpecification","valueRequired":true,"valueName":"search_term_string"}}],"inLanguage":"de-DE"},{"@type":"Organization","@id":"https:\/\/felixsolisavantis.com\/#organization","name":"Félix Solís Avantis","url":"https:\/\/felixsolisavantis.com\/","logo":{"@type":"ImageObject","inLanguage":"de-DE","@id":"https:\/\/felixsolisavantis.com\/#\/schema\/logo\/image\/","url":"https:\/\/felixsolisavantis.com\/app\/uploads\/2022\/03\/felix_solis_avantis_logo_neg_rgb_black.png","contentUrl":"https:\/\/felixsolisavantis.com\/app\/uploads\/2022\/03\/felix_solis_avantis_logo_neg_rgb_black.png","width":1820,"height":705,"caption":"Félix Solís Avantis"},"image":{"@id":"https:\/\/felixsolisavantis.com\/#\/schema\/logo\/image\/"},"sameAs":["https:\/\/www.facebook.com\/felixsolis.avantis","https:\/\/x.com\/felixsolisgrupo","https:\/\/www.instagram.com\/felixsolisavantis\/"]}]}</script>
<!-- / Yoast SEO plugin. -->

Arnegui Crianza | Félix Solís Avantis

Arnegui Crianza wird ausschließlich aus den besten Weinreben in La Rioja Alta hergestellt. Die Tempranillo-Trauben stammen aus alten Weinbergen mit kleinem Produktionsvolumen. Das Ergebnis ist ein Wein, der wahrhaftig nach Rioja schmeckt, Tannin-Struktur und Charakter mit Eleganz kombiniert und je nach Verkostungsphase unterschiedliche Eigenschaften zeigt.

Félix Solís Avantis
